 m(h) = 4*h**3 - h + 2. Let w be m(2). Suppose -w = -2*v - 3*q, 4 = -3*q + 10. What is the remainder when v is divided by f?
3
Suppose 5 = 3*b - 10. Suppose y - 53 = -b*z + 29, 4*z = -4*y + 312. Suppose 0*w + w - 20 = 0. Calculate the remainder when y is divided by w.
17
Let v(p) = p**3 + 4*p**2 - 4*p - 4. What is the remainder when 59 is divided by v(-4)?
11
Let a(t) = -t**2 - 20*t - 27. Calculate the remainder when a(-16) is divided by 10.
7
Let s = 3 + 4. Calculate the remainder when (-114)/(-3)*2/4 is divided by s.
5
Let v(g) = g**2 - 4*g + 2. Let o(s) = -s + 6. What is the remainder when o(-7) is divided by v(5)?
6
What is the remainder when (-2)/3 - 2912/(-48) is divided by 31?
29
Suppose -158 = -3*t - 14. Calculate the remainder when t is divided by 17.
14
Let t(m) = -4*m**2 + 5*m**2 + 0*m**2 + 5*m + 3 + 0*m**2. What is the remainder when t(-7) is divided by 6?
5
Let t(o) be the second derivative of 0 - 3/10*o**5 - 1/2*o**2 + 2*o + 0*o**4 + 0*o**3. What is the remainder when t(-1) is divided by 2?
1
Suppose a - 3 - 31 = 0. What is the remainder when 71 is divided by a?
3
Let m = 24 + -19. Calculate the remainder when 13 is divided by 1 + m + (4 - 1).
4
Let k(b) = -b**3 - b**2 - b + 39. Let q(n) = 2*n**2 + 9*n + 2. What is the remainder when k(0) is divided by q(-6)?
19
Suppose -2*b - 4*r + 38 = 0, -b + 4*b + 2*r - 53 = 0. Calculate the remainder when 66 is divided by b.
15
Suppose -4*o - 174 = -o. Suppose y + 162 = 3*y. Let k = y + o. Calculate the remainder when k is divided by 8.
7
Suppose -4 = -t + 7. Calculate the remainder when 41 is divided by t.
8
Let m(j) be the second derivative of j**4/12 + j**3 + 5*j**2/2 + j. Let n = -66 - -78. What is the remainder when n is divided by m(-6)?
2
Let t(m) = -4*m - 3. Let y(p) be the second derivative of p**4/6 - p**3/6 - p**2 + p. Calculate the remainder when y(3) is divided by t(-2).
3
Calculate the remainder when 29 is divided by 2*(15/2 + 0).
14
Suppose 45 = 5*a + 3*j - 3, -4*a = -3*j - 33. Calculate the remainder when 26 is divided by a.
8
Let q(n) = n**2 - 12*n + 14. Calculate the remainder when 39 is divided by q(12).
11
Let o(g) = g**2 - 2*g. Let b(m) = -6*m - 19. Let h(u) = 3*u + 10. Let c(i) = -6*b(i) - 11*h(i). What is the remainder when o(-4) is divided by c(3)?
11
What is the remainder when (3 + -1)*(-97)/2*-1 is divided by 20?
17
Suppose -3*w - 2*w = -25, w - 21 = -n. Calculate the remainder when n + (-4 - (-1 + 0)) is divided by 8.
5
Suppose 4*t - 251 = t - 2*s, 86 = t + 3*s. Calculate the remainder when t is divided by 28.
27
Let m = -86 - -123. Calculate the remainder when 184 is divided by m.
36
Let z(u) = u**2 - u + 1. Let o = -4 + 7. Suppose 3*c + j = 4, -3*j = o*c - 7*j + 1. What is the remainder when c is divided by z(0)?
0
Suppose -4*x - 11 = 3*p, -11 = 2*x - 1. Let c be 0/(-3) + 1*p. Suppose -s + c*s = 14. What is the remainder when s is divided by 3?
1
Suppose 0 = 4*a - 28 + 4. Let d(g) = 2*g - 5. Calculate the remainder when 26 is divided by d(a).
5
Let b = 13 + -10. Calculate the remainder when 4 is divided by b.
1
Let d(k) = -k - 136. Suppose 0 = 5*b - 4*b. Let o be d(b). Let r = -78 - o. Calculate the remainder when r is divided by 20.
18
Suppose 0 = -3*m + 6, -2*m + 28 = -2*j + 98. Let a be (-3)/9 + 32/6. Suppose a*b - 5*l - 100 = -0*l, -5 = 5*l. Calculate the remainder when j is divided by b.
18
Suppose -z = 2 - 4. Suppose 0*y - z*y = -36. What is the remainder when 51 is divided by y?
15
Suppose 0 = -5*c - 6 + 91. Suppose -12 = -r - 2. Calculate the remainder when c is divided by r.
7
Let v = -3 + -2. Suppose 3*q - 21 = 6. Let c = q + v. Calculate the remainder when 10 is divided by c.
2
Let i = -23 + 61. Calculate the remainder when i is divided by 10.
8
Let b(y) be the third derivative of -y**4/24 - y**3/3 - 3*y**2. Let i be b(2). Calculate the remainder when 49 is divided by ((-34)/i)/(5/10).
15
Let m(y) = 10*y - 17. What is the remainder when m(5) is divided by 9?
6
Let s(u) be the first derivative of 3*u**2/2 + 4*u - 2. What is the remainder when 38 is divided by s(3)?
12
Suppose -k - 6 = 2*k. What is the remainder when 14 is divided by (-2)/(-5)*(18 - k)?
6
Suppose -2*k + 6 = -0. Suppose -195 = -4*u - k*x, 2*u - x - 76 = 9. Calculate the remainder when u is divided by 23.
22
Suppose 0 = 3*m + 3*i, 18 = 4*m + 4*i - 6*i. Let o be 30/1 - 6/m. Suppose s - o = -3*s. Calculate the remainder when s is divided by 5.
2
Let p(h) = 2*h**2 - h. Let y(q) = 2*q**2 + 9*q + 9. Calculate the remainder when y(-6) is divided by p(3).
12
Calculate the remainder when 4/(24/(-141))*-2 is divided by 10.
7
Let j(l) = 2 - 1 - 7*l - 8*l**2 + 9*l**2. Let f be 1 + (-18)/(-2) + -2. What is the remainder when j(f) is divided by 5?
4
Let h(o) = -15*o**2 + 2*o + 1. Let q be h(-2). Let r = 97 + q. What is the remainder when r is divided by 9?
7
Let w = -42 + 66. Suppose 0*b = -b + 55. Suppose 5*z - 2*u = b, 0*u = 2*z + 3*u - 3. Calculate the remainder when w is divided by z.
6
Suppose g + g - 5*i - 24 = 0, 2*i = 2*g - 30. Let a = g - 6. Suppose 99 = 4*c + 5*o, 2*o = 4*c - 6*c + 48. Calculate the remainder when c is divided by a.
10
Suppose -s + 5*s - 46 = -2*h, 15 = -3*s. Calculate the remainder when 62 is divided by h.
29
Let v = -9 + 61. Suppose -3 = -2*h + 33. What is the remainder when v is divided by h?
16
Let n(x) = 10*x - 1. Calculate the remainder when 94 is divided by n(2).
18
Let r(l) = l**2 - 6*l - 15. Calculate the remainder when 88/2 - 2/(-2) is divided by r(9).
9
Let l(w) = 4*w**3 + 5*w**2 - 2*w + 5. Let s be l(-4). Calculate the remainder when (s + -1)*(-9)/18 is divided by 21.
19
Let s(h) = -h**2 + 6*h. Let w be s(5). Suppose 0*c - 5 = w*m - 5*c, 2*m - 5*c = -17. Suppose 15 - 3 = 4*n. What is the remainder when m is divided by n?
1
Let t(r) = r**2 - 2*r - 6. Let o(y) = 2*y**2 - 4*y - 11. Let k(m) = 4*o(m) - 7*t(m). What is the remainder when 24 is divided by k(-3)?
11
Suppose 2*b = -0*b + 90. What is the remainder when 176 is divided by b?
41
Suppose 3*a + 5 = 2*n - 2*a, 0 = 4*n + 5*a - 25. Suppose n*z + 4 = z. Let h(u) = -7*u**3 - 2*u - 1. Calculate the remainder when 15 is divided by h(z).
7
Suppose -2*t + 4 = -3*z, 3*t - t = -z + 4. Suppose 0*w - 5*w + 135 = z. Calculate the remainder when 105 is divided by w.
24
Let w(g) = g**3 - 5*g**2 - 4*g - 7. Let c be -2*(-2)/(-2) - 16. Let j = c + 31. Calculate the remainder when j is divided by w(6).
3
Calculate the remainder when 30 is divided by 3*(-30)/(-9) - 2.
6
Let q(t) = t**2 + 2*t + 6. Let j(o) = o**2 + 3*o + 7. Let v(u) = -3*j(u) + 4*q(u). Calculate the remainder when 15 is divided by v(3).
6
Let d(m) = m**2 + 5*m + 0*m**2 - 6 + 3. Let q be d(-6). Suppose -q*g + 22 = -11. Calculate the remainder when g is divided by 4.
3
Suppose -5*m + 5*j = -15, 3*m - 6 = -j + 3*j. Suppose m = 4*c - 24. Suppose 2*t = -4*k + 38, k - 3*t = c + 21. Calculate the remainder when k is divided by 7.
5
Suppose 0*c - 3 = -c. Suppose c*p = -3*u + 12, -u - 8 = -p + 2. What is the remainder when 26 is divided by p?
5
Suppose -m - 4 = -2*m. Suppose -m*f + 5 = r - 2*r, 5*f - 22 = -4*r. What is the remainder when 6 is divided by r?
0
Let x(d) = 6*d**3 - d**2 + d - 1. Let y be x(1). Suppose -18 = -3*h - y*a + 8, -4*h = 4*a - 24. Calculate the remainder when h is divided by 2.
0
Calculate the remainder when 246/5 - 12/60 is divided by 13.
10
Let d = 188 + -131. Suppose 2*n + d = 5*n. Calculate the remainder when 75 is divided by n.
18
Let w(c) = c - 1. Let s be w(3). Suppose -s*p = -p. Suppose 3*r - 5*q - 11 - 16 = 0, 3*r - 2*q - 27 = p. Calculate the remainder when 17 is divided by r.
8
Let s = 52 - 2. Let u = -37 + 7. Let z = u + s. Calculate the remainder when z is divided by 7.
6
Let h(f) = 16*f**2 + 2. Calculate the remainder when h(2) is divided by 17.
15
Let s = 190 + -94. Calculate the remainder when s is divided by 33.
30
Let p = 4 + -5. Let t be (p + 1)*4/8. Let y(m) = -m + 61. What is the remainder when y(t) is divided by 21?
19
What is the remainder when 35 - (-6)/(0 - -3) is divided by 10?
7
Let n = 18 - -11. Suppose -n + 4 = -5*m. What is the remainder when 17 is divided by m?
2
Let u(r) = r + 34. What is the remainder when u(-6) is divided by 10?
8
Suppose d = -4*d - 3*x - 26, -6 = 3*x. Let w be (-603)/(-2) + 2/d. What is the remain